). What are the prime factors of k(12)?
2, 29
Suppose h = -5*k - 0*k + 6, 0 = -4*k - 5*h - 12. Suppose -k*p = -0 - 4. Suppose 4*a - 26 = p*z, z + 6 = 3*z. What are the prime factors of a?
2
Let i(u) be the third derivative of u**5/60 + u**4/6 - u**3/2 + 3*u**2. Let w(b) = b + 2. Let m be w(0). List the prime factors of i(m).
3
Let j be (-64)/(-14) + 9/21. Suppose -3*d = -4*d + 4*i - 1, j*d = -3*i + 87. What are the prime factors of d?
3, 5
Let l = -15 - -21. Let s(z) = z**2 - 8*z + 8. Let w be s(l). What are the prime factors of 2/w + (-92)/(-8)?
11
Let x be (-1 - -4) + (-2 - -2). Suppose x*z - 60 = -z. What are the prime factors of z?
3, 5
Let n(o) = -4*o**3 - o - 1. Let q be n(-1). Suppose -3*b + q*k = -6, 0 = k + k. Let j = 16 - b. List the prime factors of j.
2, 7
Let u = 3 + -1. Suppose 0 = -3*d - u*v + 14, d - v = -5*v - 2. What are the prime factors of d?
2, 3
Suppose -3*b = -6 - 42. Suppose -v + 0*v = -b. List the prime factors of v.
2
Let r be (-2)/3 + (-8)/(-3). Let q be (r + (-4)/(-1))/2. What are the prime factors of -6*q*(-4)/6?
2, 3
Let w be 600/156 - (-2)/13. Let n(q) be the second derivative of -q**4/12 + 7*q**3/6 - 3*q**2 + q. List the prime factors of n(w).
2, 3
What are the prime factors of (-3 + -70)*1*-1?
73
List the prime factors of 2/4 - (-3429)/18.
191
Let x = 68 - 46. What are the prime factors of x?
2, 11
Let f(s) = -2*s. Let v be f(-2). Let y = 12 + v. List the prime factors of y.
2
Suppose 5*q - 2*t - 122 = 0, 0 = -4*q - t - 3*t + 120. Suppose 18 + q = j. What are the prime factors of j?
2, 11
Let k be 2/(-4)*4*1. Let z be (-260)/(-22) - k/11. Suppose 3*w + z = 7*w. What are the prime factors of w?
3
What are the prime factors of 33 + 10 - (0 - -1)?
2, 3, 7
Suppose -4*d = 8, 0 = -5*q - 7*d + 4*d + 4. Suppose 0 = q*i - 6*i + 76. List the prime factors of i.
19
Let l(d) be the second derivative of d**5/4 - d**3/2 + 3*d**2/2 - 6*d. What are the prime factors of l(2)?
37
Let z be (1*-2)/(6/51). Let a = -30 - z. Let q = -8 - a. List the prime factors of q.
5
Let j(n) = n - 11. Let h be j(-9). Let a be (-1)/(-4)*-2*h. Let k = a - -2. List the prime factors of k.
2, 3
Let t be ((-19)/(-3) + -3)*3. Let a = -2 + 4. Suppose i + a = t. What are the prime factors of i?
2
Suppose 0 = -0*t - 3*t + 90. List the prime factors of t.
2, 3, 5
Let r(s) = s**3 - 5*s**2 - 9*s + 9. Let k be r(6). Let l = -14 - k. What are the prime factors of l/(1 + (-6)/3)?
5
List the prime factors of (338 - -1 - (-21)/7)/1.
2, 3, 19
Let w = -1 + 4. Suppose -6 = -2*g + w*b + 2*b, 4*g - 5*b = 12. What are the prime factors of g?
3
Let s(r) = -r. Let p(b) = -b. Let w(u) = 2*p(u) - 4*s(u). Let z be w(1). Suppose -z*o = 5*g - 14, g = -5*o + 6*g + 70. What are the prime factors of o?
2, 3
Let d be ((-12)/(-10))/(4/10). Let n be (-2)/d - 510/18. Let i = n - -45. What are the prime factors of i?
2
Let q(c) = c**3 - c**2 + c + 9. Let j be q(0). Let k be (j/(-6))/(2/36). Let y = k + 38. List the prime factors of y.
11
Let c(y) = -y**3 + 8*y**2 - 7*y + 7. Let w = -25 + 15. Let i be 14/w*-1*5. List the prime factors of c(i).
7
Let u(w) = -w**2 - 6*w. Let q be u(-6). Let z = -49 - -29. List the prime factors of 3/((-6)/z - q).
2, 5
List the prime factors of 300 - ((-8)/16 + 10/(-4)).
3, 101
What are the prime factors of (-95)/30*-3*6?
3, 19
Suppose -k + 0*k - 2*j + 27 = 0, 3*k - j - 60 = 0. Let h = k - -3. List the prime factors of h.
2, 3
Let h = 4 + 7. What are the prime factors of h?
11
Suppose -5*x + 6 - 21 = 0. Let f be 1/(-3) + (-121)/x. Suppose s - 4*j = -s + f, 0 = -5*s + j + 64. List the prime factors of s.
2, 3
Suppose w + 1 - 6 = 0. What are the prime factors of w?
5
Let f(d) = 2*d**2 + 6*d. Let c be f(-4). Suppose -3*i - i + c = 0. Suppose 0 = i*x + 2*x - 68. What are the prime factors of x?
17
Let d(v) = 115*v. Let o be d(-1). List the prime factors of 2/(-3) - o/15.
7
Let h(x) = 25*x - 9. Let i(z) = 12*z - 4. Let c(o) = 3*h(o) - 7*i(o). What are the prime factors of c(-3)?
2, 7
Suppose -2 = 4*g + 2. Let t(l) = l**2 + 6*l - 5. Let h be t(-6). Let u = g - h. List the prime factors of u.
2
Let o(f) be the third derivative of -f**5/60 + 11*f**4/24 - 4*f**3/3 + f**2. List the prime factors of o(10).
2
Let u be (6 - 12) + (-1 - 0). Let v(f) = -f**2 - 7*f - 6. Let i be v(u). Let j = i - -9. List the prime factors of j.
3
Let u(s) = -7*s - 2. Let i be u(-4). Suppose 2*y + 46 = 4*o - 0*y, 4*y + i = 2*o. Let m = o + 7. What are the prime factors of m?
2, 3
Let c(m) = -2*m**2 + m + 1. Let s be c(3). Let i = 21 + s. List the prime factors of i.
7
Let y be (-4)/(-2)*(-20)/(-8). Suppose -2*s = 3*r - 1, y*r + 5*s + 8 = r. Suppose -r*h = -0 - 15. List the prime factors of h.
5
Let o be (-3)/18*-3*24. Let v = 28 - o. Let l = v - 6. List the prime factors of l.
2, 5
Let p(a) = -2*a - 5. Let h be 1 + -1*98/(-2). Suppose 3*r - 2*n + 34 = 0, -5*r + 0*n - h = -2*n. List the prime factors of p(r).
11
Let q(f) = -f**2 + 12*f - 4. Let p be q(9). Suppose -5*b + p = -2*g, b + 5*g - 8 = 2*g. What are the prime factors of b?
5
Let l be ((-6)/(-4))/((-1)/(-10)). Suppose 2*f - 7*f = -5. What are the prime factors of f - -3*l/3?
2
Let c = 27 - 13. Suppose w + w = c. List the prime factors of w.
7
Suppose -24 + 104 = 4*t. What are the prime factors of t?
2, 5
Suppose 0 = 2*p - 3*k - 10, 4*p = 2*p - k - 6. List the prime factors of 2/(-4)*48/p.
2, 3
Suppose 3*b - 7*b = -36. List the prime factors of b.
3
Let d(g) = -4*g**3 - 2*g**2 - g. Let v be d(-1). Suppose 0 = v*w - 2 + 5. What are the prime factors of w*(-3*3 + -1)?
2, 5
Let w = 96 - 68. List the prime factors of w.
2, 7
Let l(d) = -d**3 + 4*d**2 + 3*d - 5. Let m be l(4). Suppose -6*i + m*i - 8 = 0. List the prime factors of i.
2
Let x = -111 + 155. What are the prime factors of x?
2, 11
Let h(g) = -4*g**2 + 10*g. Let r(a) = -a**2 + a - 1. Let m(z) = h(z) - 5*r(z). What are the prime factors of m(-6)?
11
Let l(b) = b**2 + b - 3. Let a be l(0). Let i be (-2 - a/1)/(-1). List the prime factors of 9*1 + (-3 - i).
7
Let t(j) = j**3 - 7*j**2 + 13*j + 12. List the prime factors of t(7).
103
Let r = 27 + 6. Suppose -2*q + r = 7. What are the prime factors of q?
13
Let l be (-4)/(-1) - (-1 + 2). Let s be l/(-6) - 17/(-2). Let k = 2 + s. List the prime factors of k.
2, 5
Let u = 10 - -3. Let k = u - 0. What are the prime factors of k?
13
Let y(k) = 6*k**3 + 3*k**2 - 10*k + 2. What are the prime factors of y(3)?
7, 23
Let c(q) = q**2 - 4*q + 6. Let r be c(4). Let s be -2*(-1 - r/(-4)). What are the prime factors of (0 - s) + 2 + 7?
2, 5
Suppose 5*n - 367 = -4*j, -n = -4*n + 2*j + 229. List the prime factors of n.
3, 5
Let d = 10 + 10. What are the prime factors of d?
2, 5
Let y(i) = -7*i + 5. Let w(v) = 15*v - 10. Let q(l) = 4*w(l) + 9*y(l). Let a be q(-4). Let h = -10 + a. List the prime factors of h.
7
Suppose 0 = -f - 1. List the prime factors of (f/(2/12))/(-2).
3
Suppose 0 = 2*m - 6*m - 8. List the prime factors of -1*(m - 31) - 3.
2, 3, 5
Let x(d) = d**2 - 3*d - 1. Let j be x(3). Let p = j - -30. What are the prime factors of p?
29
Suppose -4*r = -r + 3. Let m(x) = 7*x. Let d be m(r). What are the prime factors of (-1 - 2) + d + 18?
2
Let q(x) = x**2 + 7*x + 8. Let u be q(-6). Let y = 4 - u. Suppose y*m + 7 = 3*m. List the prime factors of m.
7
Let q(j) = -j + 3. Let m be q(0). Suppose x = 0, -x + 5*x = -m*b + 42. List the prime factors of b.
2, 7
Let s be (-15)/(-6)*(1 - -1). Suppose 4 = 4*l - s*l. List the prime factors of ((-2)/(-2))/((-2)/l).
2
What are the prime factors of (440/(-6))/(5/(-15))?
2, 5, 11
Suppose -2*t + 5*o + 129 = 0, 2*t - 127 = 3*o - 0*o. Suppose 0 = 4*u - 58 - t. What are the prime factors of u?
2, 3, 5
List the prime factors of (-7 + 4)*6/(-8)*12.
3
Let r(k) = -k**2 + 10*k - 4. Let o = 20 - 12. Let c be r(o). Let w = -7 + c. List the prime factors of w.
5
Let d(o) = o**2 - 8*o + 7. Let n be d(5). Suppose 4*r = -r - 15. What are the prime factors of n*1*r/2?
2, 3
Let x = 9 + -13. List the prime factors of (-8)/12*30/x.
5
Let o be (-3 + 14/8)*-4. Suppose -2*i = o*j - 2 - 1, -4*i = -2*j - 18. What are the prime factors of i?
2
Suppose -1296 = -6*u - 3*u. List the prime factors of u.
2, 3
Suppose 0*g - 3*g + 5*c = -433, 4*g - c = 600. List the prime factors of g.
151
Let j(u) be the third derivative of -u**5/6